ime factors of 2070346.
2, 109, 9497
List the prime factors of 8756521.
29, 301949
List the prime factors of 707905.
5, 11, 61, 211
List the prime factors of 24608083.
43, 572281
List the prime factors of 28871122.
2, 7, 2062223
List the prime factors of 6315861.
3, 2105287
List the prime factors of 1607552.
2, 19, 661
List the prime factors of 245881.
245881
What are the prime factors of 24200231?
11, 17, 127, 1019
What are the prime factors of 692161?
692161
List the prime factors of 11078664.
2, 3, 463, 997
List the prime factors of 780877.
780877
What are the prime factors of 48411?
3, 11, 163
List the prime factors of 14586829.
1051, 13879
List the prime factors of 21835.
5, 11, 397
What are the prime factors of 239234?
2, 119617
What are the prime factors of 3094415?
5, 618883
What are the prime factors of 4999129?
59, 84731
List the prime factors of 846066.
2, 3, 13, 10847
List the prime factors of 162863.
23, 73, 97
List the prime factors of 3615283.
7, 516469
List the prime factors of 12252062.
2, 6126031
List the prime factors of 2530007.
919, 2753
List the prime factors of 175743.
3, 23, 283
What are the prime factors of 1406162?
2, 703081
What are the prime factors of 189154?
2, 7, 59, 229
List the prime factors of 435532.
2, 108883
List the prime factors of 20956633.
20956633
What are the prime factors of 10900468?
2, 17, 31, 5171
List the prime factors of 2383030.
2, 5, 13, 23, 797
List the prime factors of 582278.
2, 109, 2671
List the prime factors of 4055826.
2, 3, 17, 2339
List the prime factors of 280634.
2, 140317
What are the prime factors of 185339?
7, 11, 29, 83
What are the prime factors of 3664518?
2, 3, 11, 13, 4271
List the prime factors of 67319.
7, 59, 163
What are the prime factors of 475477?
41, 11597
List the prime factors of 1635685.
5, 277, 1181
What are the prime factors of 2406640?
2, 5, 67, 449
What are the prime factors of 234021?
3, 78007
What are the prime factors of 13091286?
2, 3, 13, 47, 3571
What are the prime factors of 177540?
2, 3, 5, 11, 269
What are the prime factors of 2754364?
2, 688591
List the prime factors of 136743.
3, 19, 2399
What are the prime factors of 12283?
71, 173
What are the prime factors of 98748?
2, 3, 13, 211
List the prime factors of 207946.
2, 173, 601
What are the prime factors of 10305446?
2, 83, 62081
List the prime factors of 32911398.
2, 3, 13, 31, 349
What are the prime factors of 1786294?
2, 893147
What are the prime factors of 6712322?
2, 3356161
What are the prime factors of 1413824?
2, 22091
List the prime factors of 140759.
140759
What are the prime factors of 2354124?
2, 3, 196177
List the prime factors of 440997.
3, 17, 8647
What are the prime factors of 17529924?
2, 3, 17, 85931
List the prime factors of 187985.
5, 7, 41, 131
List the prime factors of 79878.
2, 3, 13313
List the prime factors of 1489980.
2, 3, 5, 19, 1307
What are the prime factors of 4284197?
149, 28753
List the prime factors of 516316.
2, 29, 4451
List the prime factors of 3099293.
3099293
List the prime factors of 2439902.
2, 1219951
What are the prime factors of 124828?
2, 11, 2837
List the prime factors of 386340.
2, 3, 5, 47, 137
List the prime factors of 1827408.
2, 3, 11, 3461
List the prime factors of 1054393.
1054393
What are the prime factors of 208292?
2, 7, 43, 173
What are the prime factors of 1063832?
2, 7, 11, 157
List the prime factors of 17181626.
2, 7, 11, 31, 59, 61
List the prime factors of 1568591.
173, 9067
List the prime factors of 172533.
3, 17, 199
What are the prime factors of 426624?
2, 3, 11, 101
List the prime factors of 607266.
2, 3, 11, 3067
What are the prime factors of 319326?
2, 3, 7, 7603
What are the prime factors of 380506?
2, 7, 27179
List the prime factors of 11470535.
5, 1291, 1777
What are the prime factors of 18277120?
2, 5, 109, 131
List the prime factors of 4181693.
4181693
What are the prime factors of 2110797?
3, 13, 18041
What are the prime factors of 213345?
3, 5, 11, 431
What are the prime factors of 211609?
61, 3469
List the prime factors of 1756974.
2, 3, 103, 2843
What are the prime factors of 863894?
2, 431947
What are the prime factors of 53031?
3, 11, 1607
What are the prime factors of 3845357?
3845357
What are the prime factors of 6011406?
2, 3, 337, 991
List the prime factors of 763434.
2, 3, 7, 73, 83
What are the prime factors of 2687714?
2, 41, 73, 449
What are the prime factors of 2944906?
2, 1472453
List the prime factors of 441442.
2, 220721
List the prime factors of 4871868.
2, 3, 405989
What are the prime factors of 1411803?
3, 52289
What are the prime factors of 2860831?
433, 6607
List the prime factors of 4794507.
3, 199, 2677
List the prime factors of 852096.
2, 3, 7, 317
List the prime factors of 1968216.
2, 3, 82009
List the prime factors of 2298017.
1223, 1879
List the prime factors of 1734037.
1734037
What are the prime factors of 89526?
2, 3, 43, 347
List the prime factors of 7435785.
3, 5, 7, 23, 3079
What are the prime factors of 39965814?
2, 3, 7, 317189
List the prime factors of 4155111.
3, 23, 6691
What are the prime factors of 25555405?
5, 1381, 3701
What are the prime factors of 78688?
2, 2459
List the prime factors of 124680.
2, 3, 5, 1039
What are the prime factors of 3351202?
2, 269, 6229
List the prime factors of 36141231.
3, 7, 1721011
List the prime factors of 8362914.
2, 3, 7, 83, 2399
List the prime factors of 3473842.
2, 1736921
List the prime factors of 166248.
2, 3, 2309
What are the prime factors of 10527721?
23, 37, 89, 139
What are the prime factors of 305499?
3, 101833
List the prime factors of 2427106.
2, 11, 110323
What are the prime factors of 1749014?
2, 71, 109, 113
List the prime factors of 6686759.
61, 109619
What are the prime factors of 171411?
3, 17, 3361
What are the prime factors of 22607615?
5, 4521523
What are the prime factors of 47423?
47, 1009
What are the prime factors of 7743487?
7743487
List the prime factors of 1712194.
2, 11, 223, 349
What are the prime factors of 5826130?
2, 5, 23, 73, 347
What are the prime factors of 25621395?
3, 5, 1187, 1439
What are the prime factors of 909005?
5, 29, 6269
List the prime factors of 8865760.
2, 5, 55411
What are the prime factors of 1024517?
13, 78809
List the prime factors of 220246.
2, 13, 43, 197
List the prime factors of 173355.
3, 5, 7, 13, 127
What are the prime factors of 453045?
3, 5, 30203
List the prime factors of 12983225.
5, 191, 2719
What are the prime factors of 19190?
2, 5, 19, 101
List the prime factors of 2340021.
3, 19, 61, 673
What are the prime factors of 200656?
2, 12541
List the prime factors of 5830070.
2, 5, 583007
What are the prime factors of 153776?
2, 7, 1373
List the prime factors of 12035.
5, 29, 83
What are the prime factors of 80658?
2, 3, 4481
List the prime factors of 21768938.
2, 10884469
List the prime factors of 248383.
149, 1667
What are the prime factors of 411573?
3, 137191
What are the prime factors of 1633252?
2, 223, 1831
List the prime factors of 13419.
3, 7, 71
List the prime factors of 6150171.
3, 2050057
List the prime factors of 3143775.
3, 5, 167, 251
List the prime factors of 2290791.
3, 763597
List the prime factors of 641075.
5, 25643
What are the prime factors of 1326627?
3, 223, 661
What are the prime factors of 500491?
149, 3359
What are the prime factors of 324261?
3, 7, 5147
What are the prime factors of 8569105?
5, 17, 73, 1381
List the prime factors of 2995621.
17, 176213
List the prime factors of 242503.
281, 863
List the prime factors of 5027226.
2, 3, 71, 11801
What are the prime factors of 7146684?
2, 3, 66173
What are the prime factors of 3742896?
2, 3, 77977
List the prime factors of 1192936.
2, 41, 3637
List the prime factors of 931710.
2, 3, 5, 13, 2389
List the prime factors of 552314.
2, 7, 39451
What are the prime factors of 122560?
2, 5, 383
What are the prime factors of 1583313?
3, 29, 18199
List the prime factors of 109670.
2, 5, 11, 997
What are the prime factors of 302061?
3, 107, 941
List the prime factors of 545769.
3, 7, 8663
What are the prime factors of 3930536?
2, 17, 28901
List the prime factors of 5119734.
2, 3, 853289
What are the prime factors of 3940229?
157, 25097
What are the prime factors of 1119502?
2, 23, 24337
What are the prime factors of 31724